*z - 3. Suppose -9*o + 14*o - 20 = 0. Let n(g) = 13. Let d(k) = -k - 12. Let a(t) = -5*d(t) - 6*n(t). Let m be a(o). Determine s(m).
1
Let u(y) = y**2 + 5*y. Suppose -1 - 9 = -5*t. Suppose v - 1 = -t*k + 19, 5*v - 56 = k. Suppose 0 = 4*z + 36 - v. Give u(z).
6
Let m(z) = 33*z - 656. Let c be m(20). Let s(x) be the first derivative of 11 + 5/2*x**2 + c*x. Determine s(-3).
-11
Let t(s) = 2*s + 3. Let l be 12/8 - 2 - (-35)/14. Suppose a - 5 - 16 = 4*b, l*b = -4*a - 6. Give t(a).
5
Let j(x) be the second derivative of 31*x - 1/3*x**3 + 0*x**4 - 1/2*x**2 + 0 + 1/20*x**5. Determine j(-2).
-5
Let s be (5 + -1)*(10/(-4) - -1). Suppose 5*m - 38 - 32 = 0. Let v(t) = -2 + 35*t**2 - 10*t**2 + 8*t - m*t**2 - 10*t**2. Give v(s).
-14
Let i(b) be the second derivative of -b**4/12 - 2*b**3/3 + 3*b**2/2 + 29*b - 1. Calculate i(2).
-9
Let w(m) = 2*m**2 - 16*m + 22. Suppose -2241 + 489 = -292*s. Determine w(s).
-2
Let y(g) = -2*g**2 - 6*g**2 - 3*g + 223 - 116 + 36*g**2 - 105. What is y(1)?
27
Suppose -425 = 4*h - 3*s, -4*s + 162 = -2*h - 38. Let b = 119 + h. Let x(u) be the third derivative of u**4/24 - 13*u**3/6 + 5*u**2. Give x(b).
-4
Let h(n) = -15*n**2 - 954*n**3 + 237*n**3 + 237*n**3 + 54*n + 237*n**3 + 242*n**3 + 17. Give h(-18).
17
Let q = 22 + -19. Let m(t) = 7*t**2 + 0 + 3*t + 7 + 12*t**q - 11*t**3. Let b(s) = -2*s**3 + 15*s**2 - 15*s - 24. Let x be b(6). Give m(x).
25
Suppose -7*g + 0 = 210. Let y be g/3*(-3)/6. Let l(w) = -8*w**2 - w. Let c(r) = -8*r**2 - r. Let d(v) = y*l(v) - 6*c(v). What is d(-1)?
7
Let n = 307 - 312. Let o(v) = v**3 + 5*v**2 + v - 17. Determine o(n).
-22
Suppose -3*j + 15 = 3*l, -5*j + 30 = -3*l + 21. Let c(y) = -12*y - 2. Let a = -7 + -3. Let v(n) = -38*n - 6. Let m(w) = a*c(w) + j*v(w). Calculate m(-2).
-10
Let h(r) = -6*r + 19. Let x(m) = 4*m**2 - 24*m + 41. Let g be x(3). Give h(g).
-11
Suppose 30*n - 313 = -433. Let s(l) = -2*l + 8. Give s(n).
16
Let d be 5/4*6/(-15)*-10. Let s(g) = d*g + 22 - 104 + 22. Let x be s(12). Let u(c) = -c**2 - c + 14. What is u(x)?
14
Let o(m) = -2*m**2 + 0*m**2 - 2*m**2. Let u(r) = r**3 - 7*r**2 + 33*r - 163. Let f be u(6). Give o(f).
-4
Suppose -43 = 153*z - 110*z. Let r(q) = 80*q**2 - q - 1. What is r(z)?
80
Let z(l) = -356 + 679 - l - 344 + 6*l + 0*l. What is z(8)?
19
Suppose 0*t - 36 = 3*t. Let a(z) be the third derivative of z**5/60 + 11*z**4/24 - 4*z**3/3 - 184820*z**2. Calculate a(t).
4
Suppose -17*b - 25 - 430 = -82*b. Let m(a) = a**2 - 11*a - 12. What is m(b)?
-40
Let t(y) be the first derivative of 2*y**3/3 + 6*y**2 + 20. Let m be t(-6). Let w(b) = -5*b**2 - 4*b**3 + m*b**3 + 3 + 5*b**3. Give w(5).
3
Let c = 13762 + -13775. Let z(b) = -b**3 - 12*b**2 + 8*b - 3. Calculate z(c).
62
Suppose -5*f - 4*s + 190 = 178, 5*f = s + 22. Let a(x) = -4*x**2 + 0*x**2 + 2*x**3 - x**3. Determine a(f).
0
Let y = 223 + -223. Let q(n) = 72 - n + y*n + 3*n - 117. Calculate q(19).
-7
Let x(d) = d**3 - 13*d**2 - 3*d - 2. Let p be (416/224)/((-3)/(-21)). Determine x(p).
-41
Let b(s) = 58*s**3 + 3*s**2 + 4*s - 12. Let i(l) = 70*l**3 + 6*l**2 + 5*l - 13. Let p(m) = 6*b(m) - 5*i(m). Calculate p(-6).
-1
Suppose -3*p - x = -2*x - 60, -4*x = 5*p - 100. Let m = p + -16. Let q(l) = 8 - m + l + 4. What is q(-7)?
1
Let k = 20536 - 20524. Let r(i) = i + i + 5 - 3*i. Give r(k).
-7
Let d(g) = g**2 - 14*g + 47. Let k be d(6). Let z be (2/(-4))/k*18. Let v(r) = r**3 - 10*r**2 + 9*r + 7. Determine v(z).
7
Let f(d) = d**3 - 12*d**2 - 12*d - 12. Let g be (2/4 + 1)/(18/48). Suppose 3*w + g*o + 43 = 6*w, -3*w + 37 = 2*o. Calculate f(w).
1
Let w(a) = -47 + 4*a - 3*a**2 - 3*a + 50 - 3*a. Suppose 0*d - 2*d = 5*r + 99, -300 = 5*d + 2*r. Let y = d + 64. Determine w(y).
-13
Let q(k) = 0*k - 3*k - k**2 - k + 7. Let i be q(-3). Suppose 3*s = 3, 2*m + 2*s = 6*s - i. Let f(g) = g**3 + g**2 + 2. What is f(m)?
-16
Let m be 156/(-5) - ((-2079)/(-165))/(-63). Let w(o) = -o**3 - 29*o**2 + 61*o - 40. Give w(m).
-9
Suppose 28 = 2*f + 2*r, 0*f - 47 = -4*f + 5*r. Let l be (1/(-1)*-1)/(f/104). Let h(x) = x - 7. What is h(l)?
1
Let o(w) = w**2 - 14*w - 22. Let d(z) = 3*z**2 + 23*z + 149. Let m be d(-5). Let y = -93 + m. What is o(y)?
10
Let j(l) be the third derivative of -l**5/60 - 7*l**4/24 + 5*l**3/3 + 7643*l**2. What is j(-6)?
16
Let m(i) = -i**3 + 5*i**2 + 4*i + 11. Suppose 5*j = 14*z - 10*z - 201, 0 = j + 5. Suppose -z*p + 38*p = -36. What is m(p)?
-1
Let t be -5*(52/182 + (-11)/(-35)). Let j(c) = -c**2 - 2*c + 4. Calculate j(t).
1
Let s(z) = z - 15. Let v(y) = 2*y - 16. Let c(g) = 3*s(g) - 2*v(g). Let k = 2206 - 2206. What is c(k)?
-13
Suppose 11*n + 19 - 30 = 0. Let r be n/(-3 + 22/6 + -1). Let h(i) = -i**3 - 4*i**2 - 3*i - 1. Determine h(r).
-1
Let c(k) = 2 - 2*k + 0 - 7. Let n = 56 + -50. Let v(s) = -11*s**2 + 66*s + 4. Let r be v(n). Calculate c(r).
-13
Let g(w) = -3*w - 45. Suppose 4*d = -2*y - 28, 5*d + 33 - 4 = -4*y. Give g(d).
-18
Let c(k) = k**2 + 10*k - 13. Let j(d) = d**3 + 61*d**2 - 259*d + 51. Let s be j(-65). What is c(s)?
43
Suppose 3*w + 2*w - 20 = -7*r, 12 = -5*r + 3*w. Let o(a) = -a**3 - a**2 - a + 6. Determine o(r).
6
Let h = -180 + 98. Let q = h + 32. Let o = q + 54. Let j(a) = a + 3. Determine j(o).
7
Suppose 0*i - 4*i - 24 = -m, -3*m - 3 = 3*i. Let v(l) = m*l**2 - 5*l + 4*l + 0*l - l**2 + 5 - l**3. Determine v(3).
2
Let o(s) = 18*s - 1. Let r(v) = 6*v - 1. Let q(a) = o(a) + r(a). Give q(1).
22
Let d(p) = -p**2 + 3 - 6*p + 4 + 2. Let g be 0/(0 + -1 + 2). Suppose -4*r + 29 - 4 = -3*v, g = 4*v + 2*r + 26. What is d(v)?
2
Suppose -183 = -4*z - 271. Let m(p) = p + 35. Give m(z).
13
Let z(f) = 51*f**2 + 73*f**2 - 48 - 97*f**2 + 12*f + 71 - 2*f**3. Give z(14).
-5
Let t(x) = x - 4. Let v be (-180)/(-5) - (-5)/((-1)/1). Suppose -v = -5*w - 11. Give t(w).
0
Let n be 18/(-63) + 72/7. Suppose 0 = x - 3*x - n. Let i(h) = -2*h**2 - 7*h - 12. Let m(v) = v**2 + 4*v + 6. Let p(t) = -2*i(t) - 5*m(t). What is p(x)?
-1
Let u(v) = 8*v + 86. Let a(h) = -12*h - 90. Let j(y) = -4*a(y) - 5*u(y). Determine j(23).
114
Let c = -61 - -68. Let g(k) = -k**2 - k + 58. Let w be g(c). Let q(i) = -i**2 + 3*i - 3. What is q(w)?
-1
Let l(t) = 2*t**2 + 120*t + 208. Let c be l(-2). Let j(z) = z + 49. Calculate j(c).
25
Let i(r) be the second derivative of -r**6/720 - r**5/12 + 7*r**4/12 + 2*r**3/3 + 9*r - 4. Let o(b) be the third derivative of i(b). Determine o(-7).
-3
Let j(x) be the second derivative of -2*x**3 + 77*x**2 - 731*x. Determine j(12).
10
Let z(o) = -o**2 + 24*o - 61. Let d be z(3). Let r(q) = 1 - d + 8804*q + 1 - 8811*q. Determine r(4).
-28
Let l(m) = -37*m - 33*m + 608 - 610 + 65*m. Let t = 3 + -5. What is l(t)?
8
Let w(c) = -5*c + 4. Let r(n) = -28*n + 17. Let m(b) = r(b) - 6*w(b). Let j(h) = h + 5. Let l be j(0). What is m(l)?
3
Let i(j) = -305*j + 132*j + 182*j + 8. Give i(4).
44
Let q(j) = -j**2 + 12*j - 30. Let r be (830/30 + -23)*(-3)/(-2). What is q(r)?
5
Let h(a) = -a**2 - 11*a - 12. Let k = -5021 - -5011. Give h(k).
-2
Suppose -5*r - 3*n + 1 = -7*r, -n = r + 13. Let c(k) = k**3 + 8*k**2 - 7*k + 31. Determine c(r).
87
Let f(l) be the first derivative of 7*l**2/2 - 88*l + 3821. Determine f(12).
-4
Let y(l) = -l**3 - l**2 + 4*l - 1. Let q(f) = -5*f**3 + 14*f**2 + 75*f - 16. Let x(j) = q(j) - 6*y(j). What is x(-17)?
-10
Let j(s) = 8*s - 4. Let g(a) = -9 + 8 - 5*a - 3*a + 9*a. Let f(z) = 3*g(z) - j(z). Determine f(-3).
16
Let w(y) = -13*y - 248. Suppose 0 = -19*h + 76243 - 76604. Determine w(h).
-1
Let y be 40052/170 - 1/(10/(-4)). Let c = y - 234. Let k(j) = 4*j**2 - 2*j + 3. Calculate k(c).
15
Let t(q) = -9*q + 33*q**3 + 31*q**3 - 4*q**2 + 23*q**3 + 4 - 86*q**3. Let y = 19 - 13. What is t(y)?
22
Let a(w) be the third derivative of w**4/6 + w**3/3 - w**2 - 16. Let k(d) = 4*d**2 + 11*d + 1. Let f be k(-2). Give a(f).
-18
Let b(o) = -83 + 25 + 33 - 20*o + o**2 - 3*o**2. Give b(-8).
7
Let x(h) be the third derivative of h**4/24 + h**3/2 + h**2. Suppose 36 = 33*n - 38*n - 3*a, -4*a = 2*n + 20. Give x(n).
-3
Let h = 96 - 96. Let o be 2/5*(-10)/8*-6. Let s(p) = -p**o + 22 - 10 - 11 + p - p**2. Give s(h).
1
Let i(u) = 5 - 4 + 3*u + 3*u**2 - 2*u**2. Let k be (27/(-18))/((-15)/(-40)). Let o be (-3 - (-3)/(-21)) + k/(-28). Give i(o).
1
Let z(c) = -3*c + 18. Suppose 45*u + 317 = 544 + 358. Determine z(u).
-21
Let q(a) = -4*a**2 + 49*a + 54. Let f(s